t g be u(-4). Is 2661/g*(-14)/(-21) a composite number?
False
Let r(c) = 6476*c + 5683. Is r(18) composite?
False
Suppose 0 + 7 = -x - 5*u, 0 = -x + u - 13. Let k be (-3)/((-9)/x)*10/(-4). Let y(r) = 24*r - 19. Is y(k) a prime number?
False
Suppose -12422*h = -12431*h + 479187. Is h a prime number?
False
Is 20352678/(-310)*(-10)/6 prime?
True
Let y = 33862 - 21747. Suppose -3*s - n = -y, s - n = n + 4029. Is s a prime number?
False
Let h(a) = 376*a**2 + 126*a - 1. Is h(6) prime?
False
Suppose y + 28 = 5*w, -29*w + 31*w - 1 = -3*y. Suppose 5*f - 26225 = 4*z - 3*z, 15735 = 3*f + w*z. Is f composite?
True
Suppose 4*f + 31 - 23 = 0. Is ((-3)/(30/895))/(f/236) a composite number?
True
Let l be 2/(-4) - 1/(-2). Let m(k) = 136 + 2*k**2 + 86 + k - 4*k**2 + 40 - k**3. Is m(l) a prime number?
False
Suppose -6*p - 21*p + 16619226 = 51*p. Is p a prime number?
True
Let z(y) = 10179*y + 2440. Is z(9) a prime number?
False
Suppose 0 = -5*d - 20, -4*d - 293301 = -140*y + 135*y. Is y prime?
True
Let d(m) = 20*m**2 - 13*m + 62. Let w(i) = -18*i**2 + 11*i - 59. Let n(f) = -5*d(f) - 6*w(f). Let c = -19 + 6. Is n(c) composite?
False
Suppose -12*f = 11 - 35. Suppose 0 = 11*r - 15*r + d + 2758, 2*d = -f*r + 1374. Is r composite?
True
Is (1 + 17)/3*9768009/774 a composite number?
False
Let w(y) = 95*y + 20*y**2 + 3*y**3 - 56*y - 35 - y**3 + 0*y**2. Is w(16) a prime number?
True
Is (-2 - -1)*(-51)/170*-10 + 140156 a prime number?
False
Suppose 2*t + 33 = 13*t. Suppose 0 = 4*f + t*f - 31913. Is f a composite number?
True
Let u(b) = -1812*b - 359. Is u(-3) prime?
True
Suppose 0 = -20*d + 29*d + 216. Let b(f) = f**3 + 30*f**2 + 49*f - 59. Is b(d) a composite number?
False
Let x = -81 - -131. Let j = -42 + x. Suppose j*i - 2580 = 2756. Is i a prime number?
False
Is (4 - 2)/(-16*(-12)/44793888) a composite number?
False
Let y(w) = 434169*w**2 - 126*w + 277. Is y(2) prime?
True
Let q = 350635 + 25030. Is q composite?
True
Let i = -358427 + 696244. Is i a prime number?
True
Let u be (15 - 33)/(1/(-22)). Let z = u - 231. Suppose -161*c - 29924 = -z*c. Is c a composite number?
False
Let r(w) = w**3 + 3*w**2 + 5*w - 7. Let b = -67 - -114. Let u = b - 37. Is r(u) prime?
False
Suppose 0 = 41*n - 741289 - 3319392. Is n composite?
False
Suppose -46*a = -169*a + 2113815 + 26887494. Is a prime?
True
Suppose 6 = 2*l, 4*c + 5*l - 25 = 3*c. Let b(f) = 116*f - 19. Let w(p) = -p. Let u(d) = b(d) - w(d). Is u(c) prime?
True
Let c = 846 - -2542. Suppose 0 = -7*u - 245 + c. Is u prime?
True
Let x(z) = -z**2 - 21*z - 43. Let p(n) = 3*n**2 - 26*n - 42. Let i(g) = 5*p(g) - 6*x(g). Suppose 4*b = 5*h + 38, 8 = -5*b - 4*h + 35. Is i(b) prime?
True
Let g be -3 + (4 - -37)*2. Suppose -33 = -v - 3*h, -g = -3*v - 0*v + h. Is 4/18 - (-12576)/v a composite number?
True
Let c = 467 - 462. Suppose 5*q = 3*x + 30853, 30845 = 3*q + 2*q - c*x. Is q a prime number?
True
Suppose -3*i + 3 + 12 = 0. Suppose -15 = 4*r + 5, -2*d = -i*r + 3303. Let h = 2746 + d. Is h composite?
True
Suppose s = 3430 + 2459. Let n(u) = u**3 + 3*u**2 - 5*u + 2. Let x be n(2). Suppose 3051 + s = x*v. Is v a prime number?
False
Let i(d) = 3*d**2 - 1. Let p(k) = -k**3 + 5*k**2 - 3*k - 5. Let w be p(3). Suppose w*a + 41 = 73. Is i(a) a composite number?
False
Suppose -2*c - a + 6 = 0, -c + 1 = -4*c + a. Suppose p + 2217 = 46*s - 48*s, -3*s + 3*p = 3348. Is 1 + c + (-10 - s) a prime number?
True
Suppose -13*z = -17*z + 2*u - 10756442, 10756427 = -4*z - u. Is z/(-266) - (-6)/(-14) composite?
True
Let b = -309 - -314. Suppose 0 = o - 3, -8*l + b*l = 4*o - 5715. Is l composite?
False
Let s be 56/6 + 6/9. Let q(r) = 6*r + 16*r**2 + 18*r**2 + 19 - 35*r**2 + r**3. Is q(s) a prime number?
False
Let d(h) = 1720*h**2 - 8*h + 1. Let u be d(-1). Suppose -32*c + u = -11487. Is c composite?
True
Let v be (6 + -392 + 4)/((-1)/(-4)). Is (-2*1)/(7648/v + 5) composite?
True
Suppose -4*v - j + 0*j - 69 = 0, -4*v - 79 = 3*j. Let f = v + 14. Is f*((-3)/9)/((-4)/(-8538)) composite?
False
Let l be 23067522/(-42) + (210/(-49) - -4). Is (l/(-49) - 12) + 4/14 a composite number?
False
Suppose 19*w + 2496260 = 32*w. Suppose -w = -776*c + 766*c. Is c prime?
False
Let b = -406 - -408. Suppose -b*z + 17*z = 57945. Is z a composite number?
False
Suppose -5*a + 49510 = 5*c, 0 = 2*c - 28*a + 31*a - 19805. Is c composite?
False
Suppose -w = -8 - 2. Suppose w*d + 4864 - 19674 = 0. Is d a composite number?
False
Let s(m) = -69*m**2 + 7*m - 9. Let l be s(4). Let x = l + 6754. Is x prime?
True
Suppose -4*x = 5*q - 121, 0 = 3*q - 0*q + 2*x - 73. Suppose -4*k + 75 = -q. Suppose 0 = -k*l + 27*l - 502. Is l composite?
False
Let d(k) = 4824*k**2 + 3*k - 32. Is d(3) prime?
False
Let v = -5817 - -9079. Suppose -3*b + 4821 = -3*n, -b - 4*n + 3202 = b. Let d = v - b. Is d a composite number?
False
Suppose -342*l + 340*l = 5*f - 24670, -5*l = -2*f - 61675. Is l a composite number?
True
Let o = -547 - -153. Let n = 193 - o. Is n a prime number?
True
Let c = 3787972 - 1620605. Is c composite?
False
Let j(q) = -q**3 + 2*q**2 + 2*q - 4. Let x be j(2). Suppose 3*v - 9 - 3 = x. Is (-504 + v + 2)*1/(-2) prime?
False
Suppose s + s - 22 = f, 0 = f + 4*s + 52. Let a = f + 34. Suppose -4*w + 838 = a*q, 2*q = w + 1034 - 221. Is q prime?
True
Is ((-1)/4)/((-6)/4317528) a composite number?
False
Let k = 218 - -38. Suppose 5*t - 39 + 4 = 0. Is (-1)/((-1)/k) + (10 - t) composite?
True
Let f be (32/72)/((-12)/(-54)). Suppose -2*t + w + 0*w + 1824 = 0, 0 = 5*t + f*w - 4578. Is t prime?
False
Suppose 5*n = 4*f - 4, -5*n + 2*f - 12 = -0*n. Let b be (5 - 17)/((-9)/(-12)). Is (-1277)/n - (-4)/b a composite number?
True
Suppose 46*o = 50*o - 12092. Suppose -447 = -5*k + o. Is (35/(-14))/((-1)/k) composite?
True
Is 51412 + 1*(-12)/(132/55) composite?
False
Suppose -t - 3*p = t - 2110, 0 = 3*t - p - 3165. Is 4/(4/t) - -2 a composite number?
True
Is (-24)/(-396) + (-12)/(-792)*7261118 a composite number?
False
Suppose -9*l - 6*l = -15855. Suppose 2*b - b - 4*p = 259, -5*p + l = 4*b. Is b composite?
False
Let l(r) = -r**3 + 2*r**2 + r - 7. Let t be l(-2). Suppose t*q = 14*q - 11837. Is q prime?
False
Suppose 0 = 2*g + 3*g - 4*j - 46617, -3*j + 27981 = 3*g. Let d = 6489 - g. Let r = -1793 - d. Is r a prime number?
False
Suppose a - 6442 = v - 2*v, -3*a + 19328 = v. Let z = a + -3810. Is z composite?
False
Let m = -8294 + 21183. Is m composite?
False
Let q(h) = 35*h + 22. Let b be q(12). Suppose -b = -4*z + 10090. Is z a prime number?
True
Let x = 145 + -38. Suppose -315 - x = -2*m. Is m a composite number?
False
Let f(j) = -9*j + 4. Let z be f(4). Let n = z - -31. Is -27*(-6 + n) + -2 prime?
False
Let l(y) = y**3 + 21*y**2 + 20*y + 5. Let u be l(-20). Suppose u*n - 18*n + 26 = 0. Is 1306 + -19 - n*1 a composite number?
True
Let t(k) = k**3 - 3*k**2 - 3*k - 4. Let u be t(4). Suppose -5*b + 32911 = -h + 2*h, u = 2*b - 5*h - 13186. Is b composite?
True
Let o(n) = 14*n**2 - 22*n - 32. Let p be o(-7). Let v = p + -71. Is v a prime number?
False
Let y be (20/8)/(2/4). Let v = -383 + 556. Suppose -193 - v = -2*l + 2*t, t + 899 = y*l. Is l composite?
False
Let f(w) = 135*w**2 + 33*w - 29. Is f(5) a prime number?
True
Suppose 2*v - 18600 = -2*v. Suppose 45*g = -c + 43*g - 2699, -2*g = 2*c + 5400. Let l = c + v. Is l prime?
True
Suppose 0 = -2*c + 1291 + 1033. Let d = -766 + c. Suppose 2*v = z + 1078, -v = z - 149 - d. Is v a prime number?
True
Suppose -2*w = 8, -13*q + 796194 = -11*q + 2*w. Is q composite?
True
Suppose 0 = -126*b + 119*b + 14. Let w = 1820 + -1002. Suppose -b*x + w = -0*x. Is x prime?
True
Suppose 29*n - 84*n + 6374178 = -37*n. Is n a prime number?
True
Let y(h) = 40*h - 542. Let d be y(13). Let b(n) = -166*n + 41*n - 25 - 20. Is b(d) a composite number?
True
Suppose 2*h = -4*l + 2137674, -120473 + 1189283 = 2*l + 4*h. Is l a prime number?
False
Suppose 15 = 8*v + 7*v. Is (((-16)/(-24))/v)/(4/22566) a composite number?
False
Let d(z) = 243*z**3 - 12*z**2 + 6*z + 6. Let n be d(8). Suppose 140*k - 146*k = -n. Is k a composite number?
True
Let o(f) = 16360*f - 15891. Is o(11) prime?
False
Let m = 14821 + -7917. Let d = m + 2243. Is d prime?
False
Let c be (24/10)/((-1)/(-235)). Suppose 0 = -5*n - 25, -4*t + c = -n - 3*n. Suppose -3545 = -9*q + t. Is q composite?
False
Let q(i) = 278*i**2 - 3*i - 418. I